27*y + 22. Let a(p) = -3*p**2 - 19*p + 15. Let h(o) = -7*a(o) + 5*t(o). What is h(4)?
13
Suppose -2*o + 4*m + 14 - 6 = 0, -16 = 4*m. Let q(b) = 17*b. What is q(o)?
-68
Let t(c) be the second derivative of c**5/10 + c**4/4 - 2*c**3/3 - 1816*c. Give t(3).
69
Let v be (3/2)/((103/(-309))/((-4)/6)). Let k(b) = -5*b**2 + 13*b + 10. Determine k(v).
4
Suppose -3*p = -9, 0 = -4*n - 5*p - 13 + 4. Let y = -4 - -25. Let i(g) = -11 + 4*g + 39 - y. Calculate i(n).
-17
Let f(l) = 1 - l**2 + 3*l - 34*l**2 - 19*l**2 - l. Suppose -201*r - 12 = -189*r. Determine f(r).
-55
Let i(l) be the third derivative of -l**6/60 - 19*l**5/60 - l**4/2 - 2*l**3 + 6281*l**2. Calculate i(-9).
15
Let u = -330 - -834. Let k = -502 + u. Let c(z) = -5*z**2 + 3*z - 1. What is c(k)?
-15
Let b(n) be the first derivative of n**4/4 + n**2 + 4*n + 73. Suppose -o = 5*q + 14, -4*q - 2*o = 14 - 4. Calculate b(q).
-29
Let i(z) = 44 + 110*z**2 + 99 + 13*z - 111*z**2. Calculate i(20).
3
Let n(j) be the second derivative of j**5/20 + 7*j**4/12 - 5*j**3/3 - 6*j**2 - 50*j. Let p(v) = -9*v**2 + 1. Suppose a = -4 + 5. Let u be p(a). Calculate n(u).
4
Let a(r) = -r**2 - 8*r + 9. Let w be (-48)/(-7) - 26/(-182). Suppose -w = -5*t - 52. Give a(t).
0
Let u = 4235 - 4236. Let d(l) = -l**3 + 4*l**2 + l - 4. Let j be d(3). Let g(o) = j*o**2 + o - 7 + 5 + 3. Give g(u).
8
Suppose -100 - 615 = -13*n. Suppose 5*x - 7 = i, -i + 7 + 0 = 2*x. Suppose -x*g = -13*g + n. Let o(l) = l**2 - 7*l + 1. What is o(g)?
-9
Let u be 28 + 120/(-20) + -10. Let c(a) = -2*a**2 + 30*a - 40. Give c(u).
32
Let g(l) = l**2 + 15*l + 12. Suppose -236*i - 5486 = 186*i. Determine g(i).
-14
Suppose 4*s + 10 = 5*s. Suppose -3*n - 4*w = -3*w + 10, -3*w + s = n. Let k(j) = -123*j + 3*j**3 - 2*j**3 + 4*j**2 + 119*j + 2. Determine k(n).
-3
Let j(y) = 2*y - 15. Let d = -839 - -840. Let u(n) = 2*n**2 + 14*n - 16. Let f be u(d). Give j(f).
-15
Let y(n) = n**3 - 6*n**2 + 11*n + 7. Let p be (-574)/(-147) - 68/(-714). What is y(p)?
19
Suppose 29*l + 3*l = -123*l. Let g(y) = -y**3 + y + 69. Calculate g(l).
69
Let y(n) = n**3 + 28*n**2 + 179*n - 14. Let z be y(-18). Let g(q) = 4 + 4*q**3 - 3*q**3 - 4*q**3 - 7*q + 7*q**2 + 2*q**3. Calculate g(z).
24
Suppose -33 = -22*z + 21*z. Let t(c) = 4*c - z - 22 + 60 - 3*c. What is t(4)?
9
Let q(g) = -3*g - 17 + 3*g - g + 4. Let l(s) = -s**3 - 11*s**2 + 26*s - 22. Let r be l(-12). Let m = 184 + r. Calculate q(m).
-7
Let h(j) = j**3 - j**2 + 6*j - 16. Let p be h(5). Suppose -108*g = -p*g + 102. Let d(m) = 25 - 41 - 3*m**2 + m + g. Calculate d(-2).
-13
Let c(z) be the third derivative of -z**5/30 + z**4/12 + 9*z**3/2 - 3*z**2 + 21*z. Let o(n) be the first derivative of c(n). Calculate o(-2).
10
Let y(a) = -a**2 - 3*a + 10. Let c(r) = -11*r**2 - 85*r + 17. Let w be c(-8). Determine y(w).
-18
Let t(g) = -g**2 - g - 1. Let s(c) = -2*c**2 + 102*c + 18. Let v(p) = -s(p) - 5*t(p). Let q be v(14). Let i(w) = 22*w**2 - w + 1. Determine i(q).
22
Let h(z) = -5*z + z**3 + 0 + 32*z**2 + 1 - 33*z**2. Calculate h(0).
1
Let n(j) = -2*j**2 - 42 + 0*j**2 + 23 - 30*j + 33*j + 18. Let x = 7 - 0. Let a(u) = -u**3 + 8*u**2 - 6*u - 5. Let r be a(x). Give n(r).
-3
Let n be (-20 - -36) + (-2 - 6). Let b(y) = y**2 - 7*y - 32. Give b(n).
-24
Let y(g) be the first derivative of g**2 - 2. Let q be y(3). Let z(k) = 10*k + 2 + 0 + 7*k - 27*k + 7*k. Calculate z(q).
-16
Suppose 3 = -x - 5*o, 0 = 4*x - 8*o + 10*o - 6. Let g(u) = 4324 - u + x*u - 4336. Calculate g(18).
6
Let s(z) = -z**3 - 41*z**2 - 153*z + 11. Let a be s(-4). Let g(y) = y**2 - 30*y - 36. Calculate g(a).
-5
Let n(g) = 92*g + 2845. Let w be n(-31). Let b(j) = 54*j + 370. Calculate b(w).
-8
Let q(l) = -l**3 - 31*l**2 - 132*l - 5. Suppose 32*g = i + 33*g + 9, -3*i - 23 = 2*g. Determine q(i).
5
Let x(v) be the second derivative of -v**3/2 + v**2 - 1370*v. Give x(10).
-28
Let y be 111*5/105 + 6/(-21). Let b(v) = v**3 + v**2 - v + 1. Let k(c) = -c**3 - c**2 + c - 1. Let p(g) = y*b(g) + 4*k(g). Determine p(-2).
-1
Let a = -5367 - -5374. Let b(h) = -14*h + 100. Determine b(a).
2
Let r(v) be the second derivative of -v**3/6 - 2*v**2 + 139*v. Let k(w) = -w**3 + 4*w**2 + 7*w - 4. Let n be k(5). What is r(n)?
-10
Let k(o) = -2 - 11 + 2 + o**2 - 6*o + 10 + 2. Give k(5).
-4
Let o(a) = a**3 - 18*a**2 + a - 20. Let s be o(18). Let d(q) = 18*q + 7. Calculate d(s).
-29
Let l be (64/40)/((-6)/(-2235)). Let y(z) = -l*z - 1 + 604*z + 1. Determine y(1).
8
Suppose 2*u + 0*y + 3*y = -10, u = 5*y + 8. Let g(z) = 19*z - 11. Let o(f) = 73*f - 42. Let a(q) = 23*g(q) - 6*o(q). Give a(u).
1
Let d(s) = s**2 - 3*s - 9. Suppose 18*u = -79*u - 340 - 242. Determine d(u).
45
Let k be 392/980 + 51/(-15). Let m(l) = 3*l**2 + 9*l + 26. Give m(k).
26
Suppose 4*z - 5*l - 32 = 0, -4 = 4*z - 2*l + 6*l. Let a(g) = -97 - z*g + 103 + g. Determine a(6).
-6
Suppose 356*x - 1073 - 2487 = 0. Let i(k) be the first derivative of -k**3/3 + 7*k**2/2 + 5*k + 1. What is i(x)?
-25
Suppose -3*m = -7*m + 3*t + 1569, 4 = 4*t. Let v = 397 - m. Let h(n) = n**3 - 3*n**2 + 2*n - 2. What is h(v)?
22
Suppose -2*c - 4*p + 245 - 249 = 0, -5*p - 3 = 2*c. Let d(i) = i + 32. Calculate d(c).
28
Let w(t) = 34*t**3 - 32*t**3 - 21*t**3 + 46*t - 45*t. Let v = 1 + 1. Suppose -2*b = 3*p - 4*b + 3, 0 = -v*p + b - 1. Give w(p).
-18
Let y(d) = -2*d**2 + 3*d - 6. Suppose 5*j - 110 = -5*n, -4*j = -0*n + 3*n - 92. Let x = -22 + j. What is y(x)?
-26
Let z(i) = -3*i**3 - 3*i**2 + 6*i + 2. Let k be z(-4). Let p = -120 + k. Let u(v) = -v**2 + 4*v. What is u(p)?
4
Let n be ((-3)/(-3)*1)/(-1). Let c(m) be the first derivative of -5*m**2/2 + m - 831. Let v(q) = -q + 1. Let s(z) = n*c(z) + 4*v(z). Give s(-3).
0
Suppose 0 = 2*q + 3*g - 5, q = -g - 3*g. Let p be q*(-1)/(-2) - -1. Let m be (p/9)/((-4)/12 - 0). Let l(f) = 8*f. Determine l(m).
-8
Let b(p) = 3*p**3 - 14*p**2 - 19*p + 39. Let k(i) = -i**3 + i - 2. Let a(j) = b(j) + 2*k(j). Give a(15).
5
Let q = 2089 - 2084. Let r(x) = 3 + 1 - 5. Let a(h) = 3*h - 9. Let v(y) = -a(y) + 5*r(y). Determine v(q).
-11
Let t(w) = w**2 + 12*w + 10. Let a(y) = -y**2 - 12*y - 11. Let d(g) = 6*a(g) + 5*t(g). Let p be (-34)/3 + 68/204. Give d(p).
-5
Let x(d) = -5*d**2 - 2*d**3 + 5*d - 14 - 2*d + d**3 + 4. Let g be x(-6). Let o(a) = -g + 1 + 2 - 10*a + 7*a. Determine o(-5).
10
Let i(b) = -7*b**3 - 58*b**2 - 54*b - 20. Let d(t) = -2*t**3 - 16*t**2 - 18*t - 7. Let k(x) = 10*d(x) - 3*i(x). Calculate k(-15).
35
Let s(p) = p**2 - p - 2. Let n(b) = -8*b - 16. Let g be n(-2). Suppose -5*y - 7 - 7 = -3*h, g = -2*y - 2. Calculate s(h).
4
Let u(o) = 5621*o + 6*o**2 + o**3 + 1 - 5624*o - 3. Calculate u(-5).
38
Let k(c) = -28*c**3 - 1257*c + 1258*c + 4 + 43*c**2 + 27*c**3 - 38*c**2. Give k(5).
9
Let w(s) be the second derivative of -4*s**3/3 + 35*s**2/2 + 2618*s. Calculate w(11).
-53
Let t(x) = -x**3 - 4*x**2 - 3*x. Let r be -159 + 2*(18/(-4) + 4). Let v = r - -157. Give t(v).
0
Let f(p) = p**2 - p + 1. Let c be 2 - (6/3)/2. Let u(y) be the third derivative of y**4/12 - y**3/6 - 12*y**2. Let b be u(c). What is f(b)?
1
Let b(x) = 15 - 3*x + 5*x**2 - x**3 - 3*x**3 + 3*x**3 - 5. Suppose 3932*a = 4022*a - 450. Determine b(a).
-5
Let s(d) = -d**3 + 16*d**2 - 13*d - 2. Suppose c - 4*c = -42. Let m be s(c). Let v(y) = -m*y**2 - 3 + y**3 + 208*y**2. Determine v(0).
-3
Let s(r) = -44*r - 4 + 26*r + 17*r. Let z(n) = -n**3 + 10*n**2 - n + 11. Let p be z(10). Suppose -2*v + p = 9. Calculate s(v).
0
Let c(n) = -22 + 85 - 55 - 18*n - 145 - 190. Give c(-18).
-3
Let b(p) be the third derivative of -7*p**5/60 + p**4/24 - 15*p**2 - 5. Let i = -317 + 318. Give b(i).
-6
Let k(j) = j + 1. Let m(d) = -2*d + 1. Let i(c) = -k(c) - m(c). Suppose -868*f + 859*f = 0. Calculate i(f).
-2
Let u(d) = -d**3 - 9*d**2 + 12*d + 20. Let a be u(-10). Suppose 27*x - 25*x - 6 = a. Let p(b) = -3*b**2 - 7 - 4 + 8 - x*b. Give p(-2).
-9
Let c(t) = 21 - 112*t + 47*t + 99*t + t**2 + 33. Give c(-33).
21
Let s(r) be the first derivative of -2*r**3/3 + 9*r**2 + 8*r + 1275. What is s(11)?
-36
Let q(u) be the second derivative of 3/4*u**4 + 0*u**3 + u**2 + 7*u + 1/20*u**5 + 0. Suppose 0 = -7*t - 4 - 59. Determine q(t).
2
Let y(i) = -i**3 - 9*i**2 + 4. Let h(b) be the second derivative of -2*b**3 + 3*b**2/2 + 12*b - 2. Let r be h(1). Calculate y(r).
4
Let r(a) = 1138*a + 1143*a - 69 + 4 - 24 - 2291*